 x(r) = r**2 - 22*r + 16. Give x(24).
64
Let v(w) = -5*w**2 + 4*w - 14. Give v(-5).
-159
Let z(f) = -f**2 + 7*f - 7. What is z(6)?
-1
Let x(d) = -5*d - 78. Give x(-12).
-18
Let a(d) = -d**2 - 10*d + 75. Give a(-15).
0
Let p(x) = -13*x + 2. What is p(1)?
-11
Let t(o) = 109*o + 538. Give t(-5).
-7
Let o(i) = -6*i - 9. Calculate o(0).
-9
Let z(v) = 31*v**2 - 2*v - 2. Give z(-1).
31
Let t(w) = w**3 - 36*w**2 + 30*w + 58. Determine t(35).
-117
Let m(f) = 11*f**3 - 3*f**2 + f + 3. What is m(2)?
81
Let s(q) = 28*q - 360. Give s(13).
4
Let l(f) = -3*f**2 + 15*f - 5. Calculate l(5).
-5
Let l(i) = i**3 + 14*i**2 - 18*i - 28. What is l(-15)?
17
Let l(n) = n**3 - 7*n**2 + 4*n - 6. Determine l(5).
-36
Let x(v) = v**2 + 26*v - 26. Give x(-27).
1
Let j(h) = -11*h**2 + 20*h - 3. Calculate j(3).
-42
Let q(f) = -f**3 + 7*f**2 - 6*f - 5. Determine q(6).
-5
Let t(k) = k**3 - 8*k**2 - 19*k + 62. Calculate t(6).
-124
Let z(u) = 6*u**2 + 2*u - 2. What is z(1)?
6
Let u(g) = g**2 + g + 10. Determine u(3).
22
Let c(n) = 21*n**3 - 9*n - 11. Determine c(-1).
-23
Let v(s) = -15*s. What is v(5)?
-75
Let s(j) = 6*j - 1. Determine s(10).
59
Let t(c) = c**3 - 4. Calculate t(-3).
-31
Let c(n) = -n**3 + 9*n**2 - 4*n + 48. Determine c(9).
12
Let h(r) = 3*r - 4. Give h(-3).
-13
Let x(l) = -2*l**2 + 22*l + 47. Give x(13).
-5
Let v(x) = 3*x**3 - x**2 + x - 1. Determine v(-2).
-31
Let u(m) = m**3 - 16*m**2 + 15*m + 4. Give u(15).
4
Let h(c) = -4*c + 22. Calculate h(3).
10
Let w(t) = t**3 - t**2 - 13*t - 7. Give w(-5).
-92
Let q(a) = a**2 - 7*a - 6. Calculate q(5).
-16
Let q(w) = w**3 - 16*w**2 + 38*w + 8. Determine q(13).
-5
Let d(g) = -9*g + 27. What is d(9)?
-54
Let k(z) = -5*z + 106. Determine k(0).
106
Let v(z) = -z**3 - 10*z**2 - 20*z + 22. What is v(-6)?
-2
Let q(w) = -4*w - 18. Give q(-7).
10
Let l(w) = w**2 + 10*w + 7. Calculate l(-7).
-14
Let h(x) = -2*x**3 - 9*x**2 - 16*x - 55. Calculate h(-4).
-7
Let f(i) = -9*i**2 - 6*i + 3. What is f(1)?
-12
Let x(m) = -m - 15. Calculate x(0).
-15
Let i(c) = -c**2 + 6*c + 1. Give i(5).
6
Let b(a) = 3*a + 49. Calculate b(-19).
-8
Let p(x) = 70*x - 4. Calculate p(1).
66
Let v(n) = -2*n**3 - n**2 + 4*n - 5. Calculate v(2).
-17
Let m(d) = -32*d**2 - 1. Determine m(-1).
-33
Let a(u) = -u**3 - 6*u**2 - 6*u + 6. Determine a(-4).
-2
Let x(q) = 50*q + 458. What is x(-9)?
8
Let t(f) = 2*f**2 - 21*f + 10. Give t(10).
0
Let p(u) = -u**3 - 15*u**2 - 21*u + 19. Give p(-13).
-46
Let c(k) = 5*k + 9. Calculate c(0).
9
Let v(i) = -i**3 - 9*i**2 - 9*i - 16. Give v(-8).
-8
Let u(m) = -3*m**2 + 38*m + 8. Determine u(13).
-5
Let x(m) = 2*m**2 + 5*m + 4. Determine x(-3).
7
Let t(m) = -10*m**3 - m**2. What is t(1)?
-11
Let t(a) = 4*a**3 - 2*a**2 - 2*a + 1. Determine t(-2).
-35
Let m(a) = -79*a**2 + 6*a - 2. What is m(-1)?
-87
Let m(d) = -2*d**2 - 7*d - 7. Give m(-3).
-4
Let l(o) = o**3 - 4*o**2 - 3*o + 1. Give l(5).
11
Let r(f) = f**3 + 8*f**2 - 11*f - 22. Give r(-9).
-4
Let j(k) = 5*k - 2. Give j(-1).
-7
Let t(h) = -7*h + 5. Determine t(-2).
19
Let v(d) = -d**2 + 22*d + 36. Calculate v(24).
-12
Let b(v) = 4*v + 43. Calculate b(-15).
-17
Let c(h) = -2*h + 5. Give c(-4).
13
Let x(k) = -k**3 + 7*k**2 - 4*k - 4. Determine x(6).
8
Let p(w) = 10*w - 13. Determine p(16).
147
Let d(t) = 3*t**2 + 5*t - 7. Determine d(-2).
-5
Let a(d) = 55*d**3 - 2*d**2 - d. What is a(-1)?
-56
Let f(o) = -o**2 - 20*o - 7. What is f(-17)?
44
Let p(u) = -u**3 + 12*u**2 + u - 18. Calculate p(12).
-6
Let i(c) = -9*c + 50. Give i(6).
-4
Let z(q) = -11*q**3 + q**2 + 3*q - 2. Give z(1).
-9
Let b(x) = -2*x**3 + 15*x**2 + 6*x + 20. Determine b(8).
4
Let j(a) = -a**3 - a**2 + 4*a + 8. Determine j(-3).
14
Let g(y) = 4*y + 1. Calculate g(5).
21
Let x(p) = -2*p - 35. Give x(-18).
1
Let a(v) = 2*v**2 - 20*v - 27. Give a(11).
-5
Let m(j) = -5*j**2 + 5*j - 4. Calculate m(3).
-34
Let l(y) = -y**2 - 10*y + 3. What is l(-11)?
-8
Let v(w) = 2*w**3 - 22*w**2 + 40*w - 21. Give v(9).
15
Let p(k) = -14*k + 42. Give p(3).
0
Let n(m) = -m**2 - 11*m + 17. What is n(-13)?
-9
Let q(d) = d**3 + 3*d**2 - 4*d - 13. What is q(-2)?
-1
Let h(w) = -w**3 - 6*w**2 + 7*w + 5. Determine h(-6).
-37
Let u(j) = -j**2 - 3*j - 8. Calculate u(5).
-48
Let s(z) = -2*z + 4. Determine s(-3).
10
Let x(b) = -b**2 + 9. Determine x(-3).
0
Let l(a) = 3*a**2 - 2*a - 4. Calculate l(-3).
29
Let s(k) = -5*k - 28. What is s(-8)?
12
Let p(k) = -k**3 - 6*k**2 + 37*k + 32. What is p(-10)?
62
Let r(x) = x**2 - 10*x + 10. Calculate r(9).
1
Let a(o) = -o**2 - 8*o - 8. Determine a(-9).
-17
Let b(g) = -14*g**3 + 2*g - 1. Give b(1).
-13
Let d(j) = -5*j**2 + 20*j + 3. What is d(4)?
3
Let t(j) = 7*j**2 - 2*j. Give t(1).
5
Let f(x) = -67*x + 344. Give f(5).
9
Let l(t) = t**2 + 11*t + 12. Determine l(-15).
72
Let j(f) = -f**2 + 4*f + 19. What is j(8)?
-13
Let c(s) = s**2 + 29*s + 210. Calculate c(-13).
2
Let i(w) = 4*w - 3. Give i(6).
21
Let y(h) = 2*h + 31. Give y(-18).
-5
Let y(d) = -2*d**2 - 7*d + 6. What is y(-5)?
-9
Let g(f) = f**3 + 6*f**2 + 6*f - 5. Give g(-5).
-10
Let a(p) = p**2 + 8*p + 6. Give a(0).
6
Let d(m) = -m**3 + 3*m**2 + 4*m - 5. Determine d(4).
-5
Let y(d) = d**3 + 3*d**2 + 2*d + 6. Give y(-4).
-18
Let l(b) = 5*b + 77. What is l(-13)?
12
Let r(s) = -s**3 - 19*s**2 - 32*s + 41. Determine r(-17).
7
Let w(k) = 4*k**2 - 23*k - 26. Determine w(7).
9
Let k(v) = -4*v + 21. What is k(-11)?
65
Let a(f) = -f**3 - 9*f**2 - 15*f + 5. Determine a(-7).
12
Let z(t) = -t**2 + 10*t - 12. Determine z(8).
4
Let x(f) = f**3 + 25*f**2 - 51*f + 74. Determine x(-27).
-7
Let p(o) = 2*o**3 - 8*o**2 - 6*o - 4. What is p(5)?
16
Let j(a) = 2*a**2 + 27*a + 20. Determine j(-14).
34
Let b(t) = 2*t**3 - 10*t**2 - 2*t - 28. What is b(6)?
32
Let o(n) = -3*n**2 + 4*n + 3. Calculate o(4).
-29
Let s(f) = -f**3 + 17*f**2 + 22*f - 75. Determine s(18).
-3
Let f(q) = q - 10. Determine f(7).
-3
Let t(d) = 40*d**3 + 5*d - 5. Give t(1).
40
Let i(a) = -a**2 + 5*a - 10. What is i(4)?
-6
Let m(n) = n**2 + 12*n + 11. Determine m(-13).
24
Let l(x) = x**3 + 3*x**2 - 2*x - 9. Determine l(-4).
-17
Let y(j) = -6*j + 49. Give y(17).
-53
Let h(a) = -a**3 + 9*a**2 - 19*a - 11. Calculate h(5).
-6
Let v(p) = p**2 + 3*p - 45. What is v(-9)?
9
Let n(b) = b**3 - 13*b**2 - 9*b + 13. Calculate n(13).
-104
Let n(r) = -9*r - 36. What is n(-14)?
90
Let z(t) = t**3 + 26*t**2 + 26*t + 1. Give z(-25).
-24
Let t(i) = 4*i + 5. Calculate t(5).
25
Let d(i) = -2*i**3 - i**2 + 2*i - 2. Give d(1).
-3
Let a(b) = 2*b**2 - 29*b + 11. Determine a(14).
-3
Let g(v) = -10*v**3 + 1. Determine g(-1).
11
Let f(r) = r**3 + 2*r**2 - 4*r - 3. Calculate f(-3).
0
Let w(a) = -a**2 + 44*a - 429. What is w(29)?
6
Let k(y) = -8*y**2 - 5*y - 7. Calculate k(-3).
-64
Let p(c) = c**2 - 4*c - 23. Calculate p(8).
9
Let x(o) = o**3 + 12*o**2 - 28*o - 1. Determine x(-14).
-1
Let o(z) = -92*z - 192. Calculate o(-2).
-8
Let m(v) = 3*v**3 + v**2 - v + 1. Give m(1).
4
Let c(y) = -62*y - 438. Determine c(-7).
-4
Let p(l) = -2*l + 2. Calculate p(-12).
26
Let p(v) = v**2 + 10*v + 9. What is p(-6)?
-15
Let p(i) = -57*i + 745. Calculate p(13).
4
Let f(a) = -2*a**3 + 5*a**2 + 9*a - 1. Determine f(5).
-81
Let s(g) = 2*g**2 - 12*g - 13. Determine s(-6).
131
Let l(v) = -v**2 - 22*v - 46. Determine l(-20).
-6
Let y(x) = 3*x - 20. Calculate y(-4).
-32
Let v(l) = l**3 - 11*l**2 - 79*l - 5. Calculate v(16).
11
Let w(k) = -30*k + 61. What is w(2)?
1
Let p(v) = v**3 - 4*v**2 - 5*v + 7. What is p(5)?
7
Let p(k) = -6*k**2 + 2. Determine p(-2).
-22
Let q(s) = 3*s**2 + 3*s. Give q(3).
36
Let j(u) = 3*u - 8. What is j(8)?
16
Let i(y) = 7*y + 3. Calculate i(1).
10
Let t(l) = -l**3 + 4*l**2 + 5*l + 4. Give t(5).
4
Let w(g) = 2*g + 1. Give w(-8).
-15
Let o(i) = -i**2 - 2*i + 72. Calculate o(8).
-8
Let x(y) = -4*y + 3. Give x(-4).
19
Let a(q) = q**3 + 2. Determine a(-2).
-6
Let z(k) = k**3 - 11*k**2 - 12*k - 9. Determine z(12).
-9
Let q(g) = -g**3 + 6*g**2 + 16*g - 5. Give q(8).
-5
Let b(f) = 3*f + 34. Give b(-10).
4
Let b(m) = 7*m**2 - 8*m - 7. Determine b(-1).
8
Let m(w) = -34*w + 3. What is m(-3)?
105
Let b(h) = -h**3 + 3*h**2 + 7*h - 5. Calculate b(5).
-20
Let y(h) = 30*h + 548. Give y(-19).
-22
Let l(g) = 8*g - 38. What is l(4)?
-6
Let d(h) = 6*h - 4. Calculate d(-6).
-40
Let v(y) = 5*y**3 + y**2 - y - 1. Give v(-1).
-4
Let c(k) = -17*k + 19. What is c(1)?
